 -45. What is the units digit of s?
6
What is the units digit of (-7 - -1)/((-340)/(-57) - 6)?
1
Let d(o) = -10*o. Let u be d(-6). Suppose -r = r - u. What is the tens digit of r/(-20)*(-46)/3?
2
Suppose -2*x + 1104 = 5*f - 4*x, 0 = -4*f + 4*x + 888. Let q = f + -59. What is the hundreds digit of q?
1
Let t(r) = 69*r + 21. Let s be t(14). Suppose 0 = 5*k + 5*l + s - 2672, -5*k + 5*l = -1675. What is the hundreds digit of k?
3
Suppose 168*k - 173*k + 1685 = 0. What is the tens digit of k?
3
Let p(q) = 210*q - 1. What is the units digit of p(2)?
9
Let z(y) = -y**3 - 5 + 9*y**2 - 5*y**2 - y + 2*y**2. Let b(g) = g**2 + 4*g - 7. Let v be b(-6). What is the tens digit of z(v)?
1
Let z be (-1)/12*-8 - (-10)/3. Let d(i) = -i**3 - i**2 + 4*i - 2. Let r be d(-4). Suppose 3*h - 94 = c + z*c, -h = -c - r. What is the tens digit of h?
2
Suppose -2*w + 71 = 79. Let q(d) be the third derivative of -d**4/12 - d**3/3 - d**2. What is the units digit of q(w)?
6
Suppose 18*x - 26 = 17*x. Let w = 56 - x. What is the units digit of w?
0
Suppose -3*h = -8*h. Let w(p) = 2 - 19*p + h + 6 - 5. What is the tens digit of w(-2)?
4
Let u(l) = 2 + 4*l + 25 - 3*l - 7. Let w = -1 + 1. What is the tens digit of u(w)?
2
Suppose 8*g + 49 = g. Suppose 4*a - 6*a + 3*w = 40, -5*a = -3*w + 100. Let c = g - a. What is the units digit of c?
3
Let d be -8*((-28)/8 - -3). Let n be -2 - 8*(3 - d). Let b(v) = -v**3 + 6*v**2 + 4*v + 8. What is the tens digit of b(n)?
3
Let d = -1235 - -1691. What is the units digit of d?
6
Suppose 16 = -5*v + 2*o + 52, 6 = 3*v + 4*o. Let f be v/(-9)*24/4. What is the units digit of f/(-6) - (-8)/6?
2
Let u(r) = -21*r - 2. Let m be u(7). Let i = -86 - m. What is the units digit of i?
3
Let y = -5 + 8. Let o be 39/(-5) + y/(-15). What is the units digit of (o/5)/(14/(-175))?
0
Suppose 20*z - 11445 = 5135. What is the tens digit of z?
2
Suppose -9*p = -34436 + 9488. What is the thousands digit of p?
2
Let d(t) = 205*t + 32. What is the units digit of d(9)?
7
Let y = 3 - -39. Suppose 5*s + y = g, -3*g + 50 = -s - 48. What is the units digit of g?
2
Suppose 4*b = 12*b - 24. Suppose -4*v = -3*x + 265, -b*v = -0*v + 3. What is the tens digit of x?
8
What is the units digit of (-4)/(-8) - 2058/(-4)?
5
Let x(q) be the first derivative of q**2/2 - 7*q - 1. Suppose u + 10*c + 7 = 5*c, 4*c = -4*u + 20. What is the units digit of x(u)?
1
Let h = 9 - -108. Suppose 3*z = -6, 2*q - 6*q - 4*z = 8. Suppose q = -2*c - 2*b + 60, 4*c + 0*b - h = -b. What is the tens digit of c?
2
Let x = 934 + -137. What is the units digit of x?
7
Let q be ((-130)/15)/(3/9). Let i = q - -48. Let y = i + -1. What is the units digit of y?
1
Suppose 19*b = 18*b + 815. What is the tens digit of b?
1
Let w(t) = -7*t - 50. Let q be w(-7). What is the hundreds digit of q/(-4 - (-1932)/484)?
1
Let y(p) = 20*p - 57. Let i(z) = 21*z - 59. Let g(f) = -2*i(f) + 3*y(f). What is the units digit of g(9)?
9
Suppose -5*m + 2284 = -191. Suppose 3*g + 0*g - m = -5*w, 3*w = 0. What is the hundreds digit of g?
1
Suppose -f - 5*o - 18 = 0, -f - 4*f - 2*o = -2. Suppose -f*j - j + 15 = 0. Let u(s) = s + 4. What is the units digit of u(j)?
9
Let j(m) = -m**2 - 13*m + 20. Let h be j(-16). What is the units digit of (147/h)/((-3)/56)?
8
Suppose -9*w + 6*w + 36 = 0. Let f(a) = 51*a. Let h be f(-1). What is the units digit of (h/w)/((-3)/12)?
7
Suppose -3*o + 30 = 7*o. What is the units digit of -264*(o - 28/8)?
2
Let u(w) = -w**2 + 5*w - 1. Suppose -2 = d - 8. Let i be u(d). Let q(z) = z**3 + 8*z**2 + z - 9. What is the units digit of q(i)?
3
Let k(f) = -f**3 + 20*f**2 - 17. Let c be k(9). What is the units digit of (-21)/(-28) - c/(-8)?
0
Suppose -k + 2440 = 4*v + 4*k, 3*k = v - 610. What is the hundreds digit of v?
6
Let a = 28 - -234. What is the tens digit of a?
6
What is the tens digit of (-8)/6*(-63 - (18 + -6))?
0
Suppose -10*m + 804 = -7*m - 4*d, m - 2*d = 270. What is the hundreds digit of m?
2
Let h = -4 + -14. Let o be 1/3 + 6/h. Suppose 2*v - v - 36 = o. What is the units digit of v?
6
What is the tens digit of 1/1*(-1734)/(-7 + 1)?
8
Let x = 4757 + -2845. What is the units digit of x?
2
Suppose 9*b - 3249 + 360 = 0. What is the hundreds digit of b?
3
Let o(r) = r**2 - 5*r + 12. Let y be o(-9). Let x = y + -33. What is the tens digit of x?
0
Suppose 3*p - 65 = -3*z - z, 2*z - 2*p - 36 = 0. Let v = 13 + z. What is the units digit of v?
0
Let h(f) = -10*f - 9. Let u be h(-3). Suppose 5*i = u + 49. What is the tens digit of i?
1
Suppose -8*m + 3114 = -1982. What is the tens digit of m?
3
Suppose 0 = -5*w - 2*p + 36, -2*p - 2*p + 24 = 2*w. Let g be w/(-12) + 118/4. Suppose -g = 5*x - 74. What is the units digit of x?
9
Let h be 3/(-1) - (-7)/(21/174). Suppose -430 = 50*s - h*s. What is the tens digit of s?
8
Let l(g) = -g - 26. Let x be l(0). Let v = x + 58. What is the units digit of v?
2
Let u = 1180 - -312. What is the thousands digit of u?
1
Let o be (-3)/(-9) + 39/(-9). Let f be 142/4 + 2/o. What is the tens digit of -3 + (-7)/(f/(-275))?
5
Let r be -1602*3/(-9)*1. Suppose -r - 2276 = -10*u. What is the tens digit of u?
8
Let t(p) = -p - 8. Let v be t(-11). Suppose 3*c - v = 3. What is the tens digit of (-1 + c)/((-5)/(-65))?
1
Let s(y) = -6*y - 3. Let q be s(3). Let k be ((-9)/6)/(q/70). Suppose -3*i = 2*l - 1 - 1, -5*i + k*l = -20. What is the units digit of i?
2
What is the tens digit of (-1124)/12*(2 - 5)?
8
Let s(d) = -d**3 - 12*d**2 - 3*d - 28. Let a be s(-12). What is the units digit of 1660/16 + 2/a?
4
What is the units digit of (-233)/(-2) + 2/(-4)?
6
Let q(n) = -3*n + 2. Let a be q(5). Let l = 17 + a. Suppose -5*r + 3*r = -4*d - 32, -l*r = -5*d - 64. What is the tens digit of r?
1
Suppose 12 = 2*o - 5*y - 13, -15 = 5*o + 3*y. Suppose o = -t + 12. What is the units digit of t?
2
Let f be (117/12)/1 - (-2)/8. What is the units digit of (-3272)/(-40) + (-8)/f?
1
Suppose -2*d + 20 = 2*d, -7515 = -3*m + 3*d. What is the units digit of m?
0
What is the units digit of (-267340)/(-300) - 4/30?
1
Let b = -40 + 30. Let y be (b/4 - -2)*0. Suppose -4*q = -4*g - 100, -4*g = q - y - 10. What is the tens digit of q?
2
Let x = -37 + 41. Suppose x*g - 42 = -2*g. What is the units digit of g?
7
Suppose -74*y = -77*y + 1545. What is the hundreds digit of y?
5
Suppose 3*k + 2*i = 9932, -2*k + 6621 = -22*i + 23*i. What is the units digit of k?
0
Suppose -16 = -3*r - 1, -r = -4*i - 29. Let h = 155 - i. What is the units digit of h?
1
Let p(g) = 56*g**2 - 8*g - 3. What is the tens digit of p(-3)?
2
Let c = 935 + -563. What is the units digit of c?
2
Suppose 25*q - 97870 = 68405. What is the tens digit of q?
5
Let o(b) = -4*b + 14. Let p be o(-2). Suppose 27*k - 355 = p*k. What is the tens digit of k?
7
Let a = 144 + -32. Suppose a = -25*p + 29*p. What is the tens digit of p?
2
What is the hundreds digit of ((-12)/(-9))/((-8)/(-12))*194?
3
Let z = 11 + -3. Suppose 0 = r + 2 - z. Suppose 3*c - 8 = 2*d, -2*d + 0*d = -2*c + r. What is the units digit of c?
2
Let t(k) = 36*k - 1 - 20*k - 15*k. What is the tens digit of t(12)?
1
Suppose 3*m - 2*v + 5*v = 1302, 4*m - 1751 = v. What is the tens digit of m?
3
Let w be (-3 - -2) + 6 + 424. Let m be (1 - -39)*w/(-65). What is the units digit of (m/(-30))/((-2)/(-10))?
4
Let b = -1349 + 1916. What is the hundreds digit of b?
5
Let p be (-28)/(-8)*(2 + 0 + 76). Suppose 5*i = 4*w - 260, -5*w = 3*i - 89 - p. What is the tens digit of w?
7
Suppose -20 = s + 2*s - 5*a, -2*s + 8 = 2*a. Let f(c) = 7*c + 20. Let n(z) = 13*z + 39. Let j(h) = -11*f(h) + 6*n(h). What is the units digit of j(s)?
4
Let z be (-4)/(-10) - (-936)/60. Let v(l) = 3*l**2 + 6*l - 4. Let i be v(-5). What is the tens digit of (-4)/z - i/(-4)?
1
Let j(s) = 17*s**2 - s + 33. What is the thousands digit of j(9)?
1
Let c = 50 + -29. Let w = c - 13. What is the units digit of (w/10)/(4/80)?
6
Let l(b) = 25*b - 142. What is the tens digit of l(33)?
8
Let a(y) = -y - 1. Let j(z) = z + 3. Let n(s) = 3*a(s) + j(s). Let q be n(5). What is the tens digit of 1 - -3 - 1 - q?
1
What is the tens digit of (-8)/(-28) + (-7831)/(-7)?
1
Let d(v) = v**2 + 8*v - 19. Let c(b) = -4 + 5 - 9*b**3 + 18*b**3 + 0*b**2 - 2*b**2. Let s be c(-1). What is the units digit of d(s)?
1
Let v = -78 - -120. What is the tens digit of 12/v - (-164)/14?
1
